{"id":1892,"date":"2026-04-05T13:12:37","date_gmt":"2026-04-05T09:12:37","guid":{"rendered":"https:\/\/annierun.net\/blog\/?page_id=1892"},"modified":"2026-04-05T13:12:37","modified_gmt":"2026-04-05T09:12:37","slug":"traductions","status":"publish","type":"page","link":"https:\/\/annierun.net\/blog\/traductions\/","title":{"rendered":"Traductions"},"content":{"rendered":"<p>Mise \u00e0 part les versions anglaises des chapitres du cycle d&rsquo;\u00c9lisa, les traductions de ce site ont \u00e9t\u00e9 produites gr\u00e2ce \u00e0 l&rsquo;intelligence artificielle. Cependant, tous les contenus n&rsquo;ont pas forc\u00e9ment de traduction.<\/p>\n","protected":false},"excerpt":{"rendered":"<p>Mise \u00e0 part les versions anglaises des chapitres du cycle d&rsquo;\u00c9lisa, les traductions de ce site ont \u00e9t\u00e9 produites gr\u00e2ce \u00e0 l&rsquo;intelligence artificielle. Cependant, tous les contenus n&rsquo;ont pas forc\u00e9ment de traduction.<\/p>\n","protected":false},"author":1,"featured_media":0,"parent":0,"menu_order":0,"comment_status":"closed","ping_status":"closed","template":"","meta":{"jetpack_post_was_ever_published":false,"footnotes":""},"class_list":["post-1892","page","type-page","status-publish","hentry"],"jetpack_sharing_enabled":true,"jetpack_shortlink":"https:\/\/wp.me\/P4u88f-uw","jetpack-related-posts":[{"id":22,"url":"https:\/\/annierun.net\/blog\/remerciements\/","url_meta":{"origin":1892,"position":0},"title":"Remerciements","author":"Annie","date":"28 mars 2014","format":false,"excerpt":"En cliquant sur les + vous saurez pourquoi :)","rel":"","context":"Avec 2 commentaires","block_context":{"text":"Avec 2 commentaires","link":"https:\/\/annierun.net\/blog\/remerciements\/#comments"},"img":{"alt_text":"","src":"","width":0,"height":0},"classes":[]},{"id":26,"url":"https:\/\/annierun.net\/blog\/a-propos-de-lauteur\/","url_meta":{"origin":1892,"position":1},"title":"L&rsquo;auteur","author":"Annie","date":"28 mars 2014","format":false,"excerpt":"Bonjour ! Je m'appelle Annie et je suis Fran\u00e7aise. J'habite \u00e0 La R\u00e9union, une \u00eele volcanique de l'Oc\u00e9an Indien. J'ai \u00e9tudi\u00e9 la biologie \u00e0 Paris VII, il y a fort longtemps. Aujourd'hui, je con\u00e7ois et int\u00e8gre des sites web. Je commence ce blog dans ma 50i\u00e8me ann\u00e9e. Cela faisait un\u2026","rel":"","context":"Avec 2 commentaires","block_context":{"text":"Avec 2 commentaires","link":"https:\/\/annierun.net\/blog\/a-propos-de-lauteur\/#comments"},"img":{"alt_text":"Annie Dumont - 50 ans","src":"https:\/\/i0.wp.com\/annierun.net\/blog\/wp-content\/uploads\/2014\/03\/annie-blog.jpg?resize=350%2C200&ssl=1","width":350,"height":200},"classes":[]},{"id":349,"url":"https:\/\/annierun.net\/blog\/le-cycle-delisa\/","url_meta":{"origin":1892,"position":2},"title":"Le cycle d&rsquo;\u00c9lisa","author":"Annie","date":"1 octobre 2014","format":false,"excerpt":"\u00c9lisa est une jeune-femme du XXVe si\u00e8cle qui n'a qu'un r\u00eave : voyager dans l'espace. Un jour, elle gagne 12 voyages dans l'espace gr\u00e2ce \u00e0 une loterie. Le r\u00eave devient r\u00e9alit\u00e9. Mais d\u00e8s sa premi\u00e8re tentative quelque chose cloche :\u00a0\u00c9lisa n'est pas tout \u00e0 fait comme tout le monde... Tel\u2026","rel":"","context":"Article similaire","block_context":{"text":"Article similaire","link":""},"img":{"alt_text":"","src":"https:\/\/i0.wp.com\/annierun.net\/blog\/wp-content\/uploads\/2014\/10\/cycleElisa-150x150.jpg?resize=350%2C200","width":350,"height":200},"classes":[]},{"id":1156,"url":"https:\/\/annierun.net\/blog\/peintures\/","url_meta":{"origin":1892,"position":3},"title":"Peintures","author":"Annie","date":"3 janvier 2018","format":false,"excerpt":"Bienvenue dans ma galerie Cliquez sur une image pour la voir dans son int\u00e9gralit\u00e9, et naviguez dans la galerie en utilisant les fl\u00e8ches de c\u00f4t\u00e9. Bonne visite ! La dompteuse de dragon Entrelacements Roche aux Enchantement Transparence Fleurs sauvages Autre monde Cr\u00e9puscule Tempus fugit L'\u00e9tincelle Passage interdimensionnel Monchagne Bulles Un\u2026","rel":"","context":"Avec 1 commentaire","block_context":{"text":"Avec 1 commentaire","link":"https:\/\/annierun.net\/blog\/peintures\/#comments"},"img":{"alt_text":"","src":"https:\/\/i0.wp.com\/annierun.net\/blog\/wp-content\/uploads\/2019\/09\/bulles.jpg?fit=781%2C1200&ssl=1&resize=350%2C200","width":350,"height":200,"srcset":"https:\/\/i0.wp.com\/annierun.net\/blog\/wp-content\/uploads\/2019\/09\/bulles.jpg?fit=781%2C1200&ssl=1&resize=350%2C200 1x, https:\/\/i0.wp.com\/annierun.net\/blog\/wp-content\/uploads\/2019\/09\/bulles.jpg?fit=781%2C1200&ssl=1&resize=525%2C300 1.5x, https:\/\/i0.wp.com\/annierun.net\/blog\/wp-content\/uploads\/2019\/09\/bulles.jpg?fit=781%2C1200&ssl=1&resize=700%2C400 2x"},"classes":[]}],"jetpack_likes_enabled":true,"_links":{"self":[{"href":"https:\/\/annierun.net\/blog\/wp-json\/wp\/v2\/pages\/1892","targetHints":{"allow":["GET"]}}],"collection":[{"href":"https:\/\/annierun.net\/blog\/wp-json\/wp\/v2\/pages"}],"about":[{"href":"https:\/\/annierun.net\/blog\/wp-json\/wp\/v2\/types\/page"}],"author":[{"embeddable":true,"href":"https:\/\/annierun.net\/blog\/wp-json\/wp\/v2\/users\/1"}],"replies":[{"embeddable":true,"href":"https:\/\/annierun.net\/blog\/wp-json\/wp\/v2\/comments?post=1892"}],"version-history":[{"count":1,"href":"https:\/\/annierun.net\/blog\/wp-json\/wp\/v2\/pages\/1892\/revisions"}],"predecessor-version":[{"id":1893,"href":"https:\/\/annierun.net\/blog\/wp-json\/wp\/v2\/pages\/1892\/revisions\/1893"}],"wp:attachment":[{"href":"https:\/\/annierun.net\/blog\/wp-json\/wp\/v2\/media?parent=1892"}],"curies":[{"name":"wp","href":"https:\/\/api.w.org\/{rel}","templated":true}]}}