{"id":22,"date":"2014-03-28T19:42:42","date_gmt":"2014-03-28T15:42:42","guid":{"rendered":"http:\/\/annierun.net\/blog\/?page_id=22"},"modified":"2026-04-05T07:20:25","modified_gmt":"2026-04-05T03:20:25","slug":"remerciements","status":"publish","type":"page","link":"https:\/\/annierun.net\/blog\/remerciements\/","title":{"rendered":"Remerciements"},"content":{"rendered":"<p style=\"text-align: justify;\">En cliquant sur les <strong>+<\/strong> vous saurez pourquoi \ud83d\ude42<\/p>\n<p style=\"text-align: justify;\"><div class=\"su-spoiler su-spoiler-style-fancy su-spoiler-icon-plus su-spoiler-closed\" data-scroll-offset=\"0\" data-anchor-in-url=\"no\"><div class=\"su-spoiler-title\" tabindex=\"0\" role=\"button\"><span class=\"su-spoiler-icon\"><\/span>Monsieur Barrat<\/div><div class=\"su-spoiler-content su-u-clearfix su-u-trim\">La premi\u00e8re personne que j&rsquo;aimerais remercier pour m&rsquo;avoir donn\u00e9 go\u00fbt \u00e0 l&rsquo;\u00e9crit, m\u00eame s&rsquo;il s&rsquo;agissait alors de l&rsquo;\u00e9crit des autres est un enseignant. J&rsquo;ignore si j&rsquo;orthographie correctement son nom et je crois que je n&rsquo;ai jamais connu son pr\u00e9nom. Il \u00e9tait prof de Fran\u00e7ais au coll\u00e8ge Jean-Jaur\u00e8s de Brou sur Chantereine quand j&rsquo;\u00e9tais gamine, et lui, il m&rsquo;a fait d\u00e9couvrir Zola. \u00ab\u00a0Au bonheur des dames\u00a0\u00bb c&rsquo;\u00e9tait. On peut dire que c&rsquo;est un style d&rsquo;\u00e9criture qui m&rsquo;a tap\u00e9 dans l\u2019\u0153il. Et pourtant, j&rsquo;ai lu peu de Zola. Mais chez moi, \u00e7a a remu\u00e9 quelque chose, c&rsquo;est certain.<\/div><\/div>\n<p style=\"text-align: justify;\"><div class=\"su-spoiler su-spoiler-style-fancy su-spoiler-icon-plus su-spoiler-closed\" data-scroll-offset=\"0\" data-anchor-in-url=\"no\"><div class=\"su-spoiler-title\" tabindex=\"0\" role=\"button\"><span class=\"su-spoiler-icon\"><\/span>M\u00e9lanie<\/div><div class=\"su-spoiler-content su-u-clearfix su-u-trim\">M\u00e9lanie travaillait \u00e0 la biblioth\u00e8que de Reims. Je l&rsquo;ai rencontr\u00e9e sur un tatami, \u00e0 l&rsquo;\u00e9poque o\u00f9 je faisais de l&rsquo;aikido. Un jour elle m&rsquo;a entrain\u00e9e \u00e0 un atelier d&rsquo;\u00e9criture. \u00c7a se passait \u00e0 la biblioth\u00e8que du chemin vert.\u00a0 Et gr\u00e2ce \u00e0 elle, cette ann\u00e9e-l\u00e0 je me suis mise \u00e0 \u00e9crire r\u00e9guli\u00e8rement.<\/div><\/div>\n<p style=\"text-align: justify;\"><div class=\"su-spoiler su-spoiler-style-fancy su-spoiler-icon-plus su-spoiler-closed\" data-scroll-offset=\"0\" data-anchor-in-url=\"no\"><div class=\"su-spoiler-title\" tabindex=\"0\" role=\"button\"><span class=\"su-spoiler-icon\"><\/span>Gis\u00e8le Bienne<\/div><div class=\"su-spoiler-content su-u-clearfix su-u-trim\">C&rsquo;\u00e9tait l&rsquo;auteur qui animait l&rsquo;atelier d&rsquo;\u00e9criture de la biblioth\u00e8que du chemin vert. Le th\u00e8me de l&rsquo;ann\u00e9e \u00e9tait : \u00ab\u00a0les maisons sur la terre\u00a0\u00bb. On peut dire que j&rsquo;\u00e9tais assez d\u00e9concert\u00e9e par le sujet, mais Gis\u00e8le avait le chic pour motiver son monde. Gr\u00e2ce \u00e0 elle, il y a toujours eu la petite \u00e9tincelle qui a fait que chaque soir que je suis venue, un texte est n\u00e9.<\/div><\/div>\n<p style=\"text-align: justify;\"><div class=\"su-spoiler su-spoiler-style-fancy su-spoiler-icon-plus su-spoiler-closed\" data-scroll-offset=\"0\" data-anchor-in-url=\"no\"><div class=\"su-spoiler-title\" tabindex=\"0\" role=\"button\"><span class=\"su-spoiler-icon\"><\/span>Katy Pinto<\/div><div class=\"su-spoiler-content su-u-clearfix su-u-trim\">Katy, c&rsquo;est mon deuxi\u00e8me atelier d&rsquo;\u00e9criture. Si j&rsquo;ai arr\u00eat\u00e9 avec Gis\u00e8le, c&rsquo;est qu&rsquo;entre temps, je suis partie vivre \u00e0 l&rsquo;ile de La R\u00e9union. Et en 2005, je me suis inscrite l&rsquo;atelier de l&rsquo;universit\u00e9. Avec Katy j&rsquo;ai d\u00e9couvert le jeu, une cr\u00e9ativit\u00e9 autrement. Je crois que ce qui m&rsquo;a le plus plu c&rsquo;est le logo-rallye, une liste de mots qu&rsquo;on vous donne et vous devez construire une histoire \u00e0 partir de l\u00e0.<\/div><\/div>\n<p style=\"text-align: justify;\"><div class=\"su-spoiler su-spoiler-style-fancy su-spoiler-icon-plus su-spoiler-closed\" data-scroll-offset=\"0\" data-anchor-in-url=\"no\"><div class=\"su-spoiler-title\" tabindex=\"0\" role=\"button\"><span class=\"su-spoiler-icon\"><\/span>Delphine<\/div><div class=\"su-spoiler-content su-u-clearfix su-u-trim\">Je suis certaine qu&rsquo;elle va se demander ce qu&rsquo;elle fait l\u00e0, mais en quelque sorte, <a href=\"http:\/\/couleursemotions.wordpress.com\/\">ce qu&rsquo;elle a r\u00e9alis\u00e9 en peinture<\/a> m&rsquo;a interpel\u00e9e sur ce que pouvait apporter les passions, en terme de canalisation d&rsquo;\u00e9nergie et de satisfaction. J&rsquo;avais besoin de me trouver mon truc \u00e0 moi et mon truc \u00e0 moi depuis toujours, c&rsquo;est l&rsquo;\u00e9crit. Mais, allez savoir pourquoi, je ne me lan\u00e7ais pas.<\/div><\/div>\n<p style=\"text-align: justify;\"><div class=\"su-spoiler su-spoiler-style-fancy su-spoiler-icon-plus su-spoiler-closed\" data-scroll-offset=\"0\" data-anchor-in-url=\"no\"><div class=\"su-spoiler-title\" tabindex=\"0\" role=\"button\"><span class=\"su-spoiler-icon\"><\/span>Luc Perrot<\/div><div class=\"su-spoiler-content su-u-clearfix su-u-trim\">Luc Perrot, je l&rsquo;ai connu gr\u00e2ce <a href=\"https:\/\/www.facebook.com\/lucperrotphoto?ref=ts&amp;fref=ts\">\u00e0 sa page facebook<\/a> qu&rsquo;avait partag\u00e9e une amie. J&rsquo;y ai d\u00e9couvert des photos magnifiques et surtout ces paysages \u00e9toil\u00e9s qui me font tant r\u00eaver. Alors quand j&rsquo;ai voulu faire mon blog, j&rsquo;ai pens\u00e9 \u00e0 lui et c&rsquo;est tr\u00e8s gentiment qu&rsquo;il a accept\u00e9 que je fasse ma banni\u00e8re \u00e0 partir d&rsquo;une de ses photos que j&rsquo;avais vu <a title=\"Le site de Luc Perrot photographe\" href=\"http:\/\/www.lucperrot.fr\/\" target=\"_blank\" rel=\"noopener\">sur son site<\/a>. Sur sa page facebook, je trouvais sympa qu&rsquo;il se donne la peine de pr\u00e9senter ses photos \u00e0 la fois en Anglais et en Fran\u00e7ais. J&rsquo;avoue, l\u00e0, j&rsquo;ai copi\u00e9, tellement je trouvais \u00e7a bien. Si j&rsquo;ai le double de boulot, c&rsquo;est votre faute Luc \ud83d\ude09 <\/div><\/div>\n<p><!--:--><\/p>\n","protected":false},"excerpt":{"rendered":"<p>En cliquant sur les + vous saurez pourquoi \ud83d\ude42<\/p>\n","protected":false},"author":1,"featured_media":0,"parent":0,"menu_order":0,"comment_status":"open","ping_status":"closed","template":"","meta":{"jetpack_post_was_ever_published":false,"footnotes":""},"class_list":["post-22","page","type-page","status-publish","hentry"],"jetpack_sharing_enabled":true,"jetpack_shortlink":"https:\/\/wp.me\/P4u88f-m","jetpack-related-posts":[{"id":349,"url":"https:\/\/annierun.net\/blog\/le-cycle-delisa\/","url_meta":{"origin":22,"position":0},"title":"Le cycle d&rsquo;\u00c9lisa","author":"Annie","date":"1 octobre 2014","format":false,"excerpt":"\u00c9lisa est une jeune-femme du XXVe si\u00e8cle qui n'a qu'un r\u00eave : voyager dans l'espace. Un jour, elle gagne 12 voyages dans l'espace gr\u00e2ce \u00e0 une loterie. Le r\u00eave devient r\u00e9alit\u00e9. Mais d\u00e8s sa premi\u00e8re tentative quelque chose cloche :\u00a0\u00c9lisa n'est pas tout \u00e0 fait comme tout le monde... Tel\u2026","rel":"","context":"Article similaire","block_context":{"text":"Article similaire","link":""},"img":{"alt_text":"","src":"https:\/\/i0.wp.com\/annierun.net\/blog\/wp-content\/uploads\/2014\/10\/cycleElisa-150x150.jpg?resize=350%2C200","width":350,"height":200},"classes":[]},{"id":26,"url":"https:\/\/annierun.net\/blog\/a-propos-de-lauteur\/","url_meta":{"origin":22,"position":1},"title":"L&rsquo;auteur","author":"Annie","date":"28 mars 2014","format":false,"excerpt":"Bonjour ! Je m'appelle Annie et je suis Fran\u00e7aise. J'habite \u00e0 La R\u00e9union, une \u00eele volcanique de l'Oc\u00e9an Indien. J'ai \u00e9tudi\u00e9 la biologie \u00e0 Paris VII, il y a fort longtemps. Aujourd'hui, je con\u00e7ois et int\u00e8gre des sites web. Je commence ce blog dans ma 50i\u00e8me ann\u00e9e. Cela faisait un\u2026","rel":"","context":"Avec 2 commentaires","block_context":{"text":"Avec 2 commentaires","link":"https:\/\/annierun.net\/blog\/a-propos-de-lauteur\/#comments"},"img":{"alt_text":"Annie Dumont - 50 ans","src":"https:\/\/i0.wp.com\/annierun.net\/blog\/wp-content\/uploads\/2014\/03\/annie-blog.jpg?resize=350%2C200&ssl=1","width":350,"height":200},"classes":[]},{"id":1156,"url":"https:\/\/annierun.net\/blog\/peintures\/","url_meta":{"origin":22,"position":2},"title":"Peintures","author":"Annie","date":"3 janvier 2018","format":false,"excerpt":"Bienvenue dans ma galerie Cliquez sur une image pour la voir dans son int\u00e9gralit\u00e9, et naviguez dans la galerie en utilisant les fl\u00e8ches de c\u00f4t\u00e9. Bonne visite ! La dompteuse de dragon Entrelacements Roche aux Enchantement Transparence Fleurs sauvages Autre monde Cr\u00e9puscule Tempus fugit L'\u00e9tincelle Passage interdimensionnel Monchagne Bulles Un\u2026","rel":"","context":"Avec 1 commentaire","block_context":{"text":"Avec 1 commentaire","link":"https:\/\/annierun.net\/blog\/peintures\/#comments"},"img":{"alt_text":"","src":"https:\/\/i0.wp.com\/annierun.net\/blog\/wp-content\/uploads\/2019\/09\/bulles.jpg?fit=781%2C1200&ssl=1&resize=350%2C200","width":350,"height":200,"srcset":"https:\/\/i0.wp.com\/annierun.net\/blog\/wp-content\/uploads\/2019\/09\/bulles.jpg?fit=781%2C1200&ssl=1&resize=350%2C200 1x, https:\/\/i0.wp.com\/annierun.net\/blog\/wp-content\/uploads\/2019\/09\/bulles.jpg?fit=781%2C1200&ssl=1&resize=525%2C300 1.5x, https:\/\/i0.wp.com\/annierun.net\/blog\/wp-content\/uploads\/2019\/09\/bulles.jpg?fit=781%2C1200&ssl=1&resize=700%2C400 2x"},"classes":[]},{"id":1892,"url":"https:\/\/annierun.net\/blog\/traductions\/","url_meta":{"origin":22,"position":3},"title":"Traductions","author":"Annie","date":"5 avril 2026","format":false,"excerpt":"Mise \u00e0 part les versions anglaises des chapitres du cycle d'\u00c9lisa, les traductions de ce site ont \u00e9t\u00e9 produites gr\u00e2ce \u00e0 l'intelligence artificielle. Cependant, tous les contenus n'ont pas forc\u00e9ment de traduction.","rel":"","context":"Article similaire","block_context":{"text":"Article similaire","link":""},"img":{"alt_text":"","src":"","width":0,"height":0},"classes":[]}],"jetpack_likes_enabled":true,"_links":{"self":[{"href":"https:\/\/annierun.net\/blog\/wp-json\/wp\/v2\/pages\/22","targetHints":{"allow":["GET"]}}],"collection":[{"href":"https:\/\/annierun.net\/blog\/wp-json\/wp\/v2\/pages"}],"about":[{"href":"https:\/\/annierun.net\/blog\/wp-json\/wp\/v2\/types\/page"}],"author":[{"embeddable":true,"href":"https:\/\/annierun.net\/blog\/wp-json\/wp\/v2\/users\/1"}],"replies":[{"embeddable":true,"href":"https:\/\/annierun.net\/blog\/wp-json\/wp\/v2\/comments?post=22"}],"version-history":[{"count":16,"href":"https:\/\/annierun.net\/blog\/wp-json\/wp\/v2\/pages\/22\/revisions"}],"predecessor-version":[{"id":1762,"href":"https:\/\/annierun.net\/blog\/wp-json\/wp\/v2\/pages\/22\/revisions\/1762"}],"wp:attachment":[{"href":"https:\/\/annierun.net\/blog\/wp-json\/wp\/v2\/media?parent=22"}],"curies":[{"name":"wp","href":"https:\/\/api.w.org\/{rel}","templated":true}]}}